{"id":84,"date":"2023-10-16T19:22:06","date_gmt":"2023-10-16T19:22:06","guid":{"rendered":"http:\/\/kujawskiewagi.pl\/?page_id=84"},"modified":"2024-10-07T13:29:38","modified_gmt":"2024-10-07T13:29:38","slug":"wzorcowanie","status":"publish","type":"page","link":"https:\/\/kujawskiewagi.pl\/index.php\/wzorcowanie\/","title":{"rendered":"Wzorcowanie"},"content":{"rendered":"<p>[et_pb_section fb_built=&#8221;1&#8243; _builder_version=&#8221;4.27.2&#8243; _module_preset=&#8221;default&#8221; background_image=&#8221;http:\/\/kujawskiewagi.pl\/wp-content\/uploads\/2024\/10\/IMG_20210716_085507-1-scaled.jpg&#8221; hover_enabled=&#8221;0&#8243; global_colors_info=&#8221;{}&#8221; title_text=&#8221;IMG_20210716_085507 (1)&#8221; sticky_enabled=&#8221;0&#8243;][et_pb_row _builder_version=&#8221;4.22.1&#8243; _module_preset=&#8221;default&#8221; custom_padding=&#8221;15%||15%||true|false&#8221; global_colors_info=&#8221;{}&#8221;][et_pb_column type=&#8221;4_4&#8243; _builder_version=&#8221;4.22.1&#8243; _module_preset=&#8221;default&#8221; global_colors_info=&#8221;{}&#8221;][et_pb_text _builder_version=&#8221;4.27.2&#8243; _module_preset=&#8221;default&#8221; header_font=&#8221;|700||on|||||&#8221; header_font_size=&#8221;45px&#8221; hover_enabled=&#8221;0&#8243; header_font_size_tablet=&#8221;45px&#8221; header_font_size_phone=&#8221;30px&#8221; header_font_size_last_edited=&#8221;on|phone&#8221; border_color_left=&#8221;#FFFFFF&#8221; global_colors_info=&#8221;{}&#8221; header_text_color=&#8221;#FFFFFF&#8221; header_2_text_color=&#8221;#FFFFFF&#8221; sticky_enabled=&#8221;0&#8243; header_text_shadow_style=&#8221;preset1&#8243;]<\/p>\n<h1 style=\"text-align: center;\"><span style=\"color: #ffffff;\"><span style=\"font-weight: 400;\">Wzorcowanie wag<\/span><\/span><\/h1>\n<p>[\/et_pb_text][\/et_pb_column][\/et_pb_row][\/et_pb_section][et_pb_section fb_built=&#8221;1&#8243; admin_label=&#8221;Workshops and Events Section&#8221; _builder_version=&#8221;4.23&#8243; _module_preset=&#8221;default&#8221; custom_padding=&#8221;0px||0px|&#8221; global_colors_info=&#8221;{}&#8221;][et_pb_row column_structure=&#8221;1_2,1_2&#8243; use_custom_gutter=&#8221;on&#8221; gutter_width=&#8221;0&#8243; make_equal=&#8221;on&#8221; disabled_on=&#8221;on|off|off&#8221; admin_label=&#8221;Workshops and Events Area&#8221; module_class=&#8221; et_pb_row_fullwidth&#8221; _builder_version=&#8221;4.23&#8243; _module_preset=&#8221;default&#8221; width=&#8221;100%&#8221; width_tablet=&#8221;100%&#8221; width_phone=&#8221;&#8221; width_last_edited=&#8221;on|desktop&#8221; max_width=&#8221;100%&#8221; max_width_tablet=&#8221;100%&#8221; max_width_phone=&#8221;&#8221; max_width_last_edited=&#8221;on|desktop&#8221; custom_margin=&#8221;|||&#8221; custom_padding=&#8221;0px||0px|||&#8221; make_fullwidth=&#8221;on&#8221; global_colors_info=&#8221;{}&#8221;][et_pb_column type=&#8221;1_2&#8243; _builder_version=&#8221;4.23&#8243; _module_preset=&#8221;default&#8221; background_color=&#8221;gcid-611c6ae4-2525-4e51-90a7-940978834942&#8243; custom_padding=&#8221;10%|5%|10%|5%&#8221; global_colors_info=&#8221;{%22gcid-611c6ae4-2525-4e51-90a7-940978834942%22:%91%22background_color%22%93}&#8221; custom_padding__hover=&#8221;|||&#8221;][et_pb_text _builder_version=&#8221;4.22.2&#8243; _module_preset=&#8221;default&#8221; text_font=&#8221;||||||||&#8221; text_text_color=&#8221;#000000&#8243; text_font_size=&#8221;30px&#8221; text_line_height=&#8221;1.8em&#8221; header_2_font=&#8221;|||on|||||&#8221; header_2_text_color=&#8221;#FFFFFF&#8221; header_2_line_height=&#8221;1.2em&#8221; custom_margin=&#8221;-90px||||false|false&#8221; custom_margin_tablet=&#8221;&#8221; custom_margin_phone=&#8221;-19px||||false|false&#8221; custom_margin_last_edited=&#8221;on|desktop&#8221; animation_style=&#8221;zoom&#8221; animation_direction=&#8221;left&#8221; animation_starting_opacity=&#8221;100%&#8221; text_font_size_tablet=&#8221;&#8221; text_font_size_phone=&#8221;25px&#8221; text_font_size_last_edited=&#8221;on|phone&#8221; global_colors_info=&#8221;{}&#8221;]<\/p>\n<h2><span style=\"font-weight: 400;\">Czym jest wzorcowanie wag?<\/span><\/h2>\n<p>[\/et_pb_text][et_pb_divider color=&#8221;#FFFFFF&#8221; divider_position=&#8221;center&#8221; divider_weight=&#8221;3px&#8221; _builder_version=&#8221;4.22.1&#8243; _module_preset=&#8221;default&#8221; max_width=&#8221;50px&#8221; module_alignment=&#8221;left&#8221; animation_style=&#8221;slide&#8221; animation_direction=&#8221;top&#8221; animation_intensity_slide=&#8221;10%&#8221; animation_starting_opacity=&#8221;100%&#8221; locked=&#8221;off&#8221; global_colors_info=&#8221;{}&#8221;][\/et_pb_divider][et_pb_text _builder_version=&#8221;4.22.2&#8243; _module_preset=&#8221;default&#8221; text_font=&#8221;||||||||&#8221; text_text_color=&#8221;#FFFFFF&#8221; animation_style=&#8221;slide&#8221; global_colors_info=&#8221;{}&#8221;]<\/p>\n<p textrwdproperties=\"{&quot;rwdMode_1&quot;:{&quot;fontSize&quot;:&quot;&quot;,&quot;lineHeight&quot;:&quot;&quot;,&quot;textAlign&quot;:&quot;justify&quot;}}\"><span><strong>Wzorcowanie wag\u00a0<\/strong>jest czynno\u015bci\u0105 niezb\u0119dn\u0105 dla zapewnienie wiarygodnych i konkretnych wynik\u00f3w pomiaru.<\/span><\/p>\n<p textrwdproperties=\"{&quot;rwdMode_1&quot;:{&quot;fontSize&quot;:&quot;&quot;,&quot;lineHeight&quot;:&quot;&quot;,&quot;textAlign&quot;:&quot;justify&quot;}}\"><span>Poprzez wzorcowanie rozumiemy dokonanie pomiaru i okre\u015blenie r\u00f3\u017cnicy pomi\u0119dzy wzorcem odniesienia a wzorcowanym przyrz\u0105dem pomiarowym.<\/span><\/p>\n<p textrwdproperties=\"{&quot;rwdMode_1&quot;:{&quot;fontSize&quot;:&quot;&quot;,&quot;lineHeight&quot;:&quot;&quot;,&quot;textAlign&quot;:&quot;justify&quot;}}\"><span>Informacja ta pozwoli nam pozna\u0107:<\/span><\/p>\n<ul>\n<li textrwdproperties=\"{&quot;rwdMode_1&quot;:{&quot;fontSize&quot;:&quot;&quot;,&quot;lineHeight&quot;:&quot;&quot;,&quot;textAlign&quot;:&quot;justify&quot;}}\"><span>dok\u0142adno\u015b\u0107 pomiarow\u0105 danego przyrz\u0105du, czyli nic innego jak\u00a0b\u0142\u0105d wskaza\u0144 w danym punkcie pomiarowym.<\/span><\/li>\n<\/ul>\n<p textrwdproperties=\"{&quot;rwdMode_1&quot;:{&quot;fontSize&quot;:&quot;&quot;,&quot;lineHeight&quot;:&quot;&quot;,&quot;textAlign&quot;:&quot;justify&quot;}}\"><span>Nasza firma posiada w\u0142asne laboratorium wzorcuj\u0105ce zgodne z wymaganiami normy PN-EN ISO\/IEC 17025.<\/span><\/p>\n<p textrwdproperties=\"{&quot;rwdMode_1&quot;:{&quot;fontSize&quot;:&quot;&quot;,&quot;lineHeight&quot;:&quot;&quot;,&quot;textAlign&quot;:&quot;justify&quot;}}\">W przypadku wyst\u0105pienia du\u017cych b\u0142\u0119d\u00f3w wskaza\u0144 nasi pracownicy s\u0105 w stanie przeprowadzi\u0107 kalibracj\u0119.<\/p>\n<p>[\/et_pb_text][\/et_pb_column][et_pb_column type=&#8221;1_2&#8243; disabled_on=&#8221;on|off|off&#8221; _builder_version=&#8221;4.23&#8243; _module_preset=&#8221;default&#8221; background_image=&#8221;http:\/\/kujawskiewagi.pl\/wp-content\/uploads\/2023\/10\/pca-logo-500&#215;500-1.jpg&#8221; background_size=&#8221;contain&#8221; custom_padding=&#8221;|||&#8221; global_colors_info=&#8221;{}&#8221; custom_padding__hover=&#8221;|||&#8221;][et_pb_divider show_divider=&#8221;off&#8221; _builder_version=&#8221;4.16&#8243; _module_preset=&#8221;default&#8221; height=&#8221;400px&#8221; locked=&#8221;off&#8221; global_colors_info=&#8221;{}&#8221;][\/et_pb_divider][\/et_pb_column][\/et_pb_row][et_pb_row column_structure=&#8221;1_2,1_2&#8243; use_custom_gutter=&#8221;on&#8221; gutter_width=&#8221;0&#8243; make_equal=&#8221;on&#8221; disabled_on=&#8221;off|on|on&#8221; admin_label=&#8221;Workshops and Events Area&#8221; module_class=&#8221; et_pb_row_fullwidth&#8221; _builder_version=&#8221;4.23&#8243; _module_preset=&#8221;default&#8221; width=&#8221;100%&#8221; width_tablet=&#8221;100%&#8221; width_phone=&#8221;&#8221; width_last_edited=&#8221;on|desktop&#8221; max_width=&#8221;100%&#8221; max_width_tablet=&#8221;100%&#8221; max_width_phone=&#8221;&#8221; max_width_last_edited=&#8221;on|desktop&#8221; custom_margin=&#8221;|||&#8221; custom_padding=&#8221;0px||0px|||&#8221; make_fullwidth=&#8221;on&#8221; global_colors_info=&#8221;{}&#8221;][et_pb_column type=&#8221;1_2&#8243; disabled_on=&#8221;off|off|off&#8221; _builder_version=&#8221;4.23&#8243; _module_preset=&#8221;default&#8221; background_image=&#8221;http:\/\/kujawskiewagi.pl\/wp-content\/uploads\/2023\/10\/pca-logo-500&#215;500-1.jpg&#8221; background_size=&#8221;contain&#8221; custom_padding=&#8221;|||&#8221; global_colors_info=&#8221;{}&#8221; custom_padding__hover=&#8221;|||&#8221;][et_pb_divider show_divider=&#8221;off&#8221; _builder_version=&#8221;4.16&#8243; _module_preset=&#8221;default&#8221; height=&#8221;400px&#8221; locked=&#8221;off&#8221; global_colors_info=&#8221;{}&#8221;][\/et_pb_divider][\/et_pb_column][et_pb_column type=&#8221;1_2&#8243; _builder_version=&#8221;4.23&#8243; _module_preset=&#8221;default&#8221; background_color=&#8221;gcid-611c6ae4-2525-4e51-90a7-940978834942&#8243; custom_padding=&#8221;10%|5%|10%|5%&#8221; global_colors_info=&#8221;{%22gcid-611c6ae4-2525-4e51-90a7-940978834942%22:%91%22background_color%22%93}&#8221; custom_padding__hover=&#8221;|||&#8221;][et_pb_divider color=&#8221;#FFFFFF&#8221; divider_position=&#8221;center&#8221; divider_weight=&#8221;3px&#8221; _builder_version=&#8221;4.22.1&#8243; _module_preset=&#8221;default&#8221; max_width=&#8221;50px&#8221; module_alignment=&#8221;left&#8221; animation_style=&#8221;slide&#8221; animation_direction=&#8221;top&#8221; animation_intensity_slide=&#8221;10%&#8221; animation_starting_opacity=&#8221;100%&#8221; locked=&#8221;off&#8221; global_colors_info=&#8221;{}&#8221;][\/et_pb_divider][et_pb_text _builder_version=&#8221;4.22.2&#8243; _module_preset=&#8221;default&#8221; text_font=&#8221;||||||||&#8221; text_text_color=&#8221;#000000&#8243; text_font_size=&#8221;30px&#8221; text_line_height=&#8221;1.8em&#8221; header_2_font=&#8221;|||on|||||&#8221; header_2_text_color=&#8221;#FFFFFF&#8221; header_2_line_height=&#8221;1.2em&#8221; custom_margin=&#8221;-90px||||false|false&#8221; custom_margin_tablet=&#8221;&#8221; custom_margin_phone=&#8221;-19px||||false|false&#8221; custom_margin_last_edited=&#8221;on|desktop&#8221; animation_style=&#8221;zoom&#8221; animation_direction=&#8221;left&#8221; animation_starting_opacity=&#8221;100%&#8221; text_font_size_tablet=&#8221;&#8221; text_font_size_phone=&#8221;25px&#8221; text_font_size_last_edited=&#8221;on|phone&#8221; global_colors_info=&#8221;{}&#8221;]<\/p>\n<h2><span style=\"font-weight: 400;\">Czym jest wzorcowanie wag?<\/span><\/h2>\n<p>[\/et_pb_text][et_pb_text _builder_version=&#8221;4.22.2&#8243; _module_preset=&#8221;default&#8221; text_font=&#8221;||||||||&#8221; text_text_color=&#8221;#FFFFFF&#8221; animation_style=&#8221;slide&#8221; global_colors_info=&#8221;{}&#8221;]<\/p>\n<p textrwdproperties=\"{&quot;rwdMode_1&quot;:{&quot;fontSize&quot;:&quot;&quot;,&quot;lineHeight&quot;:&quot;&quot;,&quot;textAlign&quot;:&quot;justify&quot;}}\"><span><strong>Wzorcowanie wag\u00a0<\/strong>jest czynno\u015bci\u0105 niezb\u0119dn\u0105 dla zapewnienie wiarygodnych i konkretnych wynik\u00f3w pomiaru.<\/span><\/p>\n<p textrwdproperties=\"{&quot;rwdMode_1&quot;:{&quot;fontSize&quot;:&quot;&quot;,&quot;lineHeight&quot;:&quot;&quot;,&quot;textAlign&quot;:&quot;justify&quot;}}\"><span>Poprzez wzorcowanie rozumiemy dokonanie pomiaru i okre\u015blenie r\u00f3\u017cnicy pomi\u0119dzy wzorcem odniesienia a wzorcowanym przyrz\u0105dem pomiarowym.<\/span><\/p>\n<p textrwdproperties=\"{&quot;rwdMode_1&quot;:{&quot;fontSize&quot;:&quot;&quot;,&quot;lineHeight&quot;:&quot;&quot;,&quot;textAlign&quot;:&quot;justify&quot;}}\"><span>Informacja ta pozwoli nam pozna\u0107:<\/span><\/p>\n<ul>\n<li textrwdproperties=\"{&quot;rwdMode_1&quot;:{&quot;fontSize&quot;:&quot;&quot;,&quot;lineHeight&quot;:&quot;&quot;,&quot;textAlign&quot;:&quot;justify&quot;}}\"><span>dok\u0142adno\u015b\u0107 pomiarow\u0105 danego przyrz\u0105du, czyli nic innego jak\u00a0b\u0142\u0105d wskaza\u0144 w danym punkcie pomiarowym.<\/span><\/li>\n<\/ul>\n<p textrwdproperties=\"{&quot;rwdMode_1&quot;:{&quot;fontSize&quot;:&quot;&quot;,&quot;lineHeight&quot;:&quot;&quot;,&quot;textAlign&quot;:&quot;justify&quot;}}\"><span>Nasza firma posiada w\u0142asne laboratorium wzorcuj\u0105ce zgodne z wymaganiami normy PN-EN ISO\/IEC 17025.<\/span><\/p>\n<p textrwdproperties=\"{&quot;rwdMode_1&quot;:{&quot;fontSize&quot;:&quot;&quot;,&quot;lineHeight&quot;:&quot;&quot;,&quot;textAlign&quot;:&quot;justify&quot;}}\">W przypadku wyst\u0105pienia du\u017cych b\u0142\u0119d\u00f3w wskaza\u0144 nasi pracownicy s\u0105 w stanie przeprowadzi\u0107 kalibracj\u0119.<\/p>\n<p>[\/et_pb_text][\/et_pb_column][\/et_pb_row][\/et_pb_section][et_pb_section fb_built=&#8221;1&#8243; admin_label=&#8221;Workshops and Events Section&#8221; _builder_version=&#8221;4.22.1&#8243; _module_preset=&#8221;default&#8221; custom_padding=&#8221;0px||0px|&#8221; global_colors_info=&#8221;{}&#8221;][et_pb_row column_structure=&#8221;1_2,1_2&#8243; use_custom_gutter=&#8221;on&#8221; gutter_width=&#8221;0&#8243; make_equal=&#8221;on&#8221; admin_label=&#8221;Workshops and Events Area&#8221; module_class=&#8221; et_pb_row_fullwidth&#8221; _builder_version=&#8221;4.23&#8243; _module_preset=&#8221;default&#8221; width=&#8221;100%&#8221; width_tablet=&#8221;100%&#8221; width_phone=&#8221;&#8221; width_last_edited=&#8221;on|desktop&#8221; max_width=&#8221;100%&#8221; max_width_tablet=&#8221;100%&#8221; max_width_phone=&#8221;&#8221; max_width_last_edited=&#8221;on|desktop&#8221; custom_margin=&#8221;|||&#8221; custom_padding=&#8221;0px||0px|||&#8221; make_fullwidth=&#8221;on&#8221; global_colors_info=&#8221;{}&#8221;][et_pb_column type=&#8221;1_2&#8243; disabled_on=&#8221;off|off|off&#8221; _builder_version=&#8221;4.23&#8243; _module_preset=&#8221;default&#8221; background_image=&#8221;http:\/\/kujawskiewagi.pl\/wp-content\/uploads\/2023\/10\/lewis-keegan-XQaqV5qYcXg-unsplash-scaled.jpg&#8221; background_repeat=&#8221;repeat&#8221; custom_padding=&#8221;|||&#8221; global_colors_info=&#8221;{}&#8221; custom_padding__hover=&#8221;|||&#8221;][et_pb_divider show_divider=&#8221;off&#8221; _builder_version=&#8221;4.16&#8243; _module_preset=&#8221;default&#8221; height=&#8221;400px&#8221; locked=&#8221;off&#8221; global_colors_info=&#8221;{}&#8221;][\/et_pb_divider][\/et_pb_column][et_pb_column type=&#8221;1_2&#8243; _builder_version=&#8221;4.23&#8243; _module_preset=&#8221;default&#8221; background_color=&#8221;gcid-ee58c95e-e067-410e-a6c7-f139f1ae3990&#8243; custom_padding=&#8221;10%|5%|10%|5%&#8221; global_colors_info=&#8221;{%22gcid-ee58c95e-e067-410e-a6c7-f139f1ae3990%22:%91%22background_color%22%93}&#8221; custom_padding__hover=&#8221;|||&#8221;][et_pb_text _builder_version=&#8221;4.22.2&#8243; _module_preset=&#8221;default&#8221; text_font=&#8221;Poppins||||||||&#8221; text_text_color=&#8221;#000000&#8243; text_font_size=&#8221;30px&#8221; text_line_height=&#8221;1.8em&#8221; header_2_font=&#8221;|||on|||||&#8221; header_2_text_color=&#8221;#FFFFFF&#8221; header_2_line_height=&#8221;1.2em&#8221; custom_margin=&#8221;-90px||||false|false&#8221; custom_margin_tablet=&#8221;&#8221; custom_margin_phone=&#8221;-19px||||false|false&#8221; custom_margin_last_edited=&#8221;on|desktop&#8221; animation_style=&#8221;zoom&#8221; animation_direction=&#8221;left&#8221; animation_starting_opacity=&#8221;100%&#8221; text_font_size_tablet=&#8221;&#8221; text_font_size_phone=&#8221;25px&#8221; text_font_size_last_edited=&#8221;on|phone&#8221; global_colors_info=&#8221;{}&#8221;]<\/p>\n<h2><span style=\"font-weight: 400;\">Oferta<\/span><\/h2>\n<p>[\/et_pb_text][et_pb_divider color=&#8221;#FFFFFF&#8221; divider_position=&#8221;center&#8221; divider_weight=&#8221;3px&#8221; _builder_version=&#8221;4.22.1&#8243; _module_preset=&#8221;default&#8221; max_width=&#8221;50px&#8221; module_alignment=&#8221;left&#8221; animation_style=&#8221;slide&#8221; animation_direction=&#8221;top&#8221; animation_intensity_slide=&#8221;10%&#8221; animation_starting_opacity=&#8221;100%&#8221; locked=&#8221;off&#8221; global_colors_info=&#8221;{}&#8221;][\/et_pb_divider][et_pb_text _builder_version=&#8221;4.22.2&#8243; _module_preset=&#8221;default&#8221; text_font=&#8221;||||||||&#8221; text_text_color=&#8221;#FFFFFF&#8221; animation_style=&#8221;slide&#8221; global_colors_info=&#8221;{}&#8221;]<\/p>\n<ul>\n<li textrwdproperties=\"{&quot;rwdMode_1&quot;:{&quot;fontSize&quot;:&quot;&quot;,&quot;lineHeight&quot;:&quot;&quot;,&quot;textAlign&quot;:&quot;justify&quot;}}\"><span>laboratorium wzorcuj\u0105ce nie akredytowane<\/span><\/li>\n<li textrwdproperties=\"{&quot;rwdMode_1&quot;:{&quot;fontSize&quot;:&quot;&quot;,&quot;lineHeight&quot;:&quot;&quot;,&quot;textAlign&quot;:&quot;justify&quot;}}\"><span>laboratorium wzorcuj\u0105ce akredytowane w Polskim Centrum Akredytacji<\/span><\/li>\n<\/ul>\n<p><span>Przed wykonaniem wzorcowania zalecamy u\u017cytkownikom wykonanie przegl\u0105du technicznego oraz ewentualnej kalibracji uk\u0142adu wagowego. Dzia\u0142ania te przede wszystkim maj\u0105 na celu uzyska\u0107 wiarygodne i najlepsze z mo\u017cliwych wyniki pomiaru.<\/span><\/p>\n<p>[\/et_pb_text][\/et_pb_column][\/et_pb_row][\/et_pb_section]<\/p>\n","protected":false},"excerpt":{"rendered":"<p>Wzorcowanie wagCzym jest wzorcowanie wag?Wzorcowanie wag\u00a0jest czynno\u015bci\u0105 niezb\u0119dn\u0105 dla zapewnienie wiarygodnych i konkretnych wynik\u00f3w pomiaru. Poprzez wzorcowanie rozumiemy dokonanie pomiaru i okre\u015blenie r\u00f3\u017cnicy pomi\u0119dzy wzorcem odniesienia a wzorcowanym przyrz\u0105dem pomiarowym. Informacja ta pozwoli nam pozna\u0107: dok\u0142adno\u015b\u0107 pomiarow\u0105 danego przyrz\u0105du, czyli nic innego jak\u00a0b\u0142\u0105d wskaza\u0144 w danym punkcie pomiarowym. Nasza firma posiada w\u0142asne laboratorium wzorcuj\u0105ce zgodne [&hellip;]<\/p>\n","protected":false},"author":1,"featured_media":0,"parent":0,"menu_order":0,"comment_status":"closed","ping_status":"closed","template":"","meta":{"_et_pb_use_builder":"on","_et_pb_old_content":"<!-- wp:divi\/placeholder \/-->","_et_gb_content_width":"","footnotes":""},"_links":{"self":[{"href":"https:\/\/kujawskiewagi.pl\/index.php\/wp-json\/wp\/v2\/pages\/84"}],"collection":[{"href":"https:\/\/kujawskiewagi.pl\/index.php\/wp-json\/wp\/v2\/pages"}],"about":[{"href":"https:\/\/kujawskiewagi.pl\/index.php\/wp-json\/wp\/v2\/types\/page"}],"author":[{"embeddable":true,"href":"https:\/\/kujawskiewagi.pl\/index.php\/wp-json\/wp\/v2\/users\/1"}],"replies":[{"embeddable":true,"href":"https:\/\/kujawskiewagi.pl\/index.php\/wp-json\/wp\/v2\/comments?post=84"}],"version-history":[{"count":11,"href":"https:\/\/kujawskiewagi.pl\/index.php\/wp-json\/wp\/v2\/pages\/84\/revisions"}],"predecessor-version":[{"id":707,"href":"https:\/\/kujawskiewagi.pl\/index.php\/wp-json\/wp\/v2\/pages\/84\/revisions\/707"}],"wp:attachment":[{"href":"https:\/\/kujawskiewagi.pl\/index.php\/wp-json\/wp\/v2\/media?parent=84"}],"curies":[{"name":"wp","href":"https:\/\/api.w.org\/{rel}","templated":true}]}}